Is 29344253 a prime number?
False
Is 331087 a prime number?
False
Is 201989743 prime?
True
Is 8111903 prime?
True
Is 52471753 prime?
True
Is 1664543 a composite number?
False
Is 127739267 prime?
False
Is 136652983 a prime number?
False
Is 12898693 composite?
False
Is 15633851 composite?
False
Is 76721837 a prime number?
True
Is 1621231 prime?
True
Is 596647 a composite number?
True
Is 2406599 composite?
True
Is 25760479 a composite number?
False
Is 38053847 a prime number?
False
Is 355063 prime?
True
Is 36930239 prime?
False
Is 87928811 prime?
False
Is 246833 a prime number?
True
Is 950490797 composite?
False
Is 49649243 prime?
False
Is 718151 a composite number?
True
Is 1010717 a composite number?
False
Is 6581255 a composite number?
True
Is 7851877 prime?
False
Is 48187731 composite?
True
Is 9571047 a composite number?
True
Is 110108281 composite?
True
Is 2343701 a prime number?
False
Is 739745 a prime number?
False
Is 1133737 a composite number?
True
Is 15970727 prime?
True
Is 375636909 prime?
False
Is 3585473 a composite number?
True
Is 6727481 a composite number?
False
Is 26871083 a composite number?
False
Is 11245627 composite?
False
Is 89984267 a prime number?
True
Is 89126227 a composite number?
True
Is 9962003 composite?
False
Is 84187 a prime number?
False
Is 76201 prime?
False
Is 2649181 composite?
True
Is 159967 a prime number?
False
Is 27231394 prime?
False
Is 271996463 prime?
False
Is 356129 prime?
True
Is 8226469 composite?
True
Is 94231617 composite?
True
Is 7677359 a prime number?
True
Is 25443079 composite?
False
Is 579018194 a prime number?
False
Is 7873673 a composite number?
True
Is 87605123 a composite number?
False
Is 896771 composite?
False
Is 23426327 a composite number?
False
Is 103022611 prime?
False
Is 714673 prime?
True
Is 29207231 prime?
True
Is 1632749 a prime number?
True
Is 321084671 a composite number?
True
Is 178662217 a composite number?
True
Is 26636033 a composite number?
False
Is 6335359 prime?
True
Is 9894047 a prime number?
False
Is 66808405 a composite number?
True
Is 2041079 a composite number?
False
Is 57428731 composite?
True
Is 31973423 a prime number?
True
Is 4630063 a composite number?
False
Is 3888253 a prime number?
True
Is 135582737 prime?
False
Is 15624727 a prime number?
False
Is 71707183 a prime number?
True
Is 2048399 a prime number?
False
Is 120985945 a composite number?
True
Is 186469 prime?
True
Is 49904249 a prime number?
False
Is 3209257 a prime number?
True
Is 1365547 a prime number?
True
Is 87165751 a prime number?
True
Is 14267287 a composite number?
False
Is 4365509 composite?
False
Is 10634933 a prime number?
True
Is 54925301 a prime number?
True
Is 2550439 a composite number?
True
Is 45674521 a prime number?
True
Is 14372926 a prime number?
False
Is 361852779 prime?
False
Is 14836021 a prime number?
True
Is 121248929 prime?
True
Is 5986549 prime?
False
Is 28150919 composite?
True
Is 85972753 composite?
False
Is 4623653 a prime number?
False
Is 853649 composite?
True
Is 1533099 a composite number?
True
Is 28162027 prime?
False
Is 40547937 a composite number?
True
Is 102966713 a prime number?
False
Is 160925803 composite?
True
Is 55676255 a composite number?
True
Is 2457563 composite?
False
Is 78997615 a prime number?
False
Is 196698163 prime?
False
Is 21118717 prime?
True
Is 38856277 a composite number?
False
Is 879137 a prime number?
False
Is 1352185 a composite number?
True
Is 113430907 a prime number?
False
Is 5337911 prime?
True
Is 9557813 prime?
False
Is 18174993 composite?
True
Is 683747867 a prime number?
False
Is 18190687 prime?
True
Is 592121 a prime number?
True
Is 557575001 a prime number?
True
Is 1144938113 a composite number?
True
Is 2070655 composite?
True
Is 65558209 prime?
False
Is 128623769 a composite number?
False
Is 1808539 a prime number?
True
Is 411729589 a prime number?
False
Is 15511339 prime?
False
Is 4798993 a prime number?
True
Is 2332889 prime?
False
Is 66197381 a prime number?
False
Is 9924041 a prime number?
False
Is 23101103 composite?
False
Is 11376745 prime?
False
Is 167255903 a prime number?
True
Is 61384717 prime?
True
Is 1870978 a prime number?
False
Is 41931919 a prime number?
True
Is 20199457 a composite number?
True
Is 3421181 a prime number?
False
Is 5737631 composite?
False
Is 2870771 a composite number?
True
Is 84072785 prime?
False
Is 1257693 a composite number?
True
Is 25263281 composite?
False
Is 4608649 a prime number?
False
Is 536023 a prime number?
True
Is 124657609 composite?
True
Is 36184423 prime?
False
Is 24086017 a prime number?
False
Is 4484089 a composite number?
False
Is 5400761 a prime number?
True
Is 55349207 prime?
True
Is 1645199 a prime number?
False
Is 183233 a composite number?
True
Is 1911199 prime?
True
Is 47402479 a composite number?
False
Is 32504854 composite?
True
Is 9535927 composite?
False
Is 1323811 a prime number?
False
Is 7658095 composite?
True
Is 4981747 a prime number?
True
Is 23758193 composite?
False
Is 107084281 prime?
True
Is 231890599 prime?
False
Is 8307319 composite?
False
Is 50893663 a prime number?
True
Is 258972631 a prime number?
True
Is 32653823 prime?
False
Is 2350303 composite?
False
Is 757801 a prime number?
False
Is 18625459 a composite number?
False
Is 9392059 a composite number?
False
Is 105152233 composite?
False
Is 216860519 a prime number?
False
Is 3429245 a composite number?
True
Is 1590991 a prime number?
True
Is 4651259 prime?
True
Is 210979039 a prime number?
False
Is 550993657 prime?
True
Is 93130003 composite?
False
Is 30668161 a composite number?
False
Is 3526133 prime?
False
Is 368323 a prime number?
True
Is 48199 a prime number?
False
Is 146149 prime?
False
Is 22186573 a composite number?
False
Is 8945701 composite?
True
Is 11751211 a composite number?
True
Is 281927 composite?
False
Is 7742549 prime?
True
Is 426109691 a composite number?
True
Is 178582237 a prime number?
True
Is 6398141 a composite number?
False
Is 26032703 a composite number?
False
Is 221298463 a composite number?
False
Is 932101 a prime number?
True
Is 24569339 a prime number?
True
Is 5659282 prime?
False
Is 107861683 composite?
True
Is 10922218 prime?
False
Is 656486 prime?
False
Is 144916543 a composite number?
False
Is 421979062 composite?
True
Is 318842543 composite?
False
Is 3642757 prime?
False
Is 47962547 a prime number?
True
Is 265422881 composite?
False
Is 15516239 prime?
True
Is 62443903 a composite number?
False
Is 29071078 a prime number?
False
Is 12536519 a composite number?
True
Is 22546957 composite?
True
Is 22137307 a prime number?
True
Is 139330187 prime?
False
Is 218099839 a composite number?
False
Is 1290969491 a composite number?
True
Is 136043871 a composite number?
True
Is 28173697 composite?
True
Is 69415237 a composite number?
True
Is 52643257 a composite number?
True
Is 401315757 a prime number?
False
Is 5487389 prime?
False
Is 48002545 prime?
False
Is 639229 composite?
True
Is 647638 prime?
False
Is 12758167 composite?
False
Is 108076771 a prime number?
False
Is 67925023 a prime number?
True
Is 4079519 composite?
False
Is 4358593 a composite number?
False
Is 2506501 a composite number?
False
Is 10376395 composite?
True
Is 23550863 prime?
False
Is 56752531 prime?
False
Is 951443 a composite number?
True
Is 172541 composite?
False
Is 41684389 composite?
True
Is 3026549 composite?
False
Is 62244289 composite?
False
Is 20074427 prime?
True
Is 106244011 a prime number?
True
Is 3843691 a composite number?
True
Is 3094027 a prime number?
True
Is 32048267 a composite number?
False
Is 10870819 a composite number?
True
Is 2697109 prime?
True
Is 7451833 composite?
True
Is 8959201 prime?
True
Is 81119917 composite?
False
Is 69187 a prime number?
False
Is 14362779 a prime number?
False
Is 118604091 prime?
False
Is 166155259 a composite number?
False
Is 1769372547 prime?
False
Is 12759791 composite?
True
Is 107526709 prime?
False
Is 52946051 prime?
True
Is 2082709 a composite number?
False
Is 180769 composite?
True
Is 3355181 composite?
False
Is 506947 prime?
False
Is 1153421 a composite number?
False
Is 4990045 a prime number?
False
Is 6656653 a prime number?
False
Is 14954915 prime?
False
Is 41912153 a prime number?
True
Is 121342289 prime?
True
Is 16923871 composite?
False
Is 92092685 